852981 a composite number?
True
Is 34415917645 composite?
True
Is 497332963 prime?
False
Is 1512526457 a composite number?
True
Is 27608127077 composite?
True
Is 4658170303 a prime number?
True
Is 15969476069 composite?
False
Is 29608522207 prime?
False
Is 161804916893 a prime number?
False
Is 29130716491 prime?
False
Is 606537241 composite?
True
Is 36919680307 a prime number?
True
Is 3346188271 prime?
True
Is 2425299223 a composite number?
False
Is 20001175867 prime?
False
Is 60945219463 a prime number?
True
Is 9068029231 a prime number?
True
Is 1354714593 a prime number?
False
Is 163541699 composite?
False
Is 1924068001 a composite number?
False
Is 16180627303 composite?
False
Is 368433671 composite?
False
Is 2687146697 composite?
False
Is 1501804286 composite?
True
Is 1839982217 a prime number?
True
Is 1903259263 composite?
False
Is 19192712689 prime?
True
Is 224980059271 a prime number?
False
Is 3144207233 a prime number?
True
Is 1217573557 prime?
True
Is 1523177819 a composite number?
False
Is 8243004277 a prime number?
False
Is 602994829 a prime number?
False
Is 484571496301 prime?
True
Is 38734366709 prime?
False
Is 1633125947 a prime number?
True
Is 1248588547 composite?
True
Is 3591171929 prime?
False
Is 100983422 a prime number?
False
Is 58336693 prime?
True
Is 4912239077 a composite number?
True
Is 1714185037 prime?
True
Is 10539062723 a prime number?
False
Is 8404771717 prime?
False
Is 18321356231 a prime number?
True
Is 681286943 a composite number?
True
Is 82626729793 a prime number?
False
Is 119866697 a composite number?
False
Is 1430424019 a prime number?
True
Is 32987559071 prime?
False
Is 357268687 a prime number?
True
Is 24637437661 a prime number?
True
Is 361448431 a prime number?
False
Is 12342333401 prime?
True
Is 713144801 composite?
True
Is 1950766438 prime?
False
Is 5383160017 composite?
False
Is 7197782791 prime?
True
Is 150082903 a prime number?
False
Is 2307433459 composite?
True
Is 23364825983 a composite number?
True
Is 152542890041 a composite number?
True
Is 456390073 composite?
True
Is 718572919 a composite number?
True
Is 1118922641 a prime number?
False
Is 4081750441 composite?
False
Is 1148642903 a composite number?
False
Is 13829191921 a composite number?
True
Is 1460970799 a composite number?
True
Is 4630370819 a prime number?
True
Is 171095794559 a prime number?
True
Is 35097592847 a prime number?
False
Is 11963312047 prime?
True
Is 15648089333 a prime number?
True
Is 1202827201 a prime number?
True
Is 3328754483 a composite number?
False
Is 9351495919 a composite number?
False
Is 3282002629 a prime number?
False
Is 10499466587 a prime number?
False
Is 112652521 composite?
True
Is 49972189 composite?
False
Is 1447047821 composite?
False
Is 4699774591 a prime number?
False
Is 26319687191 composite?
True
Is 9184609969 composite?
False
Is 124430609 a composite number?
True
Is 874550113 composite?
False
Is 24120431171 a prime number?
True
Is 33349038277 a composite number?
False
Is 14796970781 a prime number?
True
Is 76791229 a composite number?
False
Is 118576319 a prime number?
False
Is 8886593291 prime?
False
Is 25774365901 composite?
True
Is 23522831803 composite?
False
Is 86800852051 composite?
True
Is 3417595801 composite?
True
Is 2704753199 composite?
False
Is 3669972203 prime?
True
Is 134639891 composite?
False
Is 66780183259 composite?
False
Is 738575413 prime?
True
Is 1814535609 a prime number?
False
Is 369029747 composite?
False
Is 9207609087 composite?
True
Is 86409179023 a composite number?
True
Is 659951191 a prime number?
True
Is 11564761 a prime number?
False
Is 23155033709 composite?
False
Is 18141861743 a prime number?
False
Is 79271966629 a composite number?
False
Is 619198787 prime?
False
Is 100994983 a composite number?
False
Is 674960183 a composite number?
False
Is 47085118511 a composite number?
False
Is 10228440071 composite?
False
Is 45664744067 a prime number?
False
Is 1373852281 a composite number?
True
Is 247615967 composite?
False
Is 891742877 prime?
True
Is 2757911929 prime?
False
Is 13401929149 a prime number?
False
Is 98162039 a prime number?
True
Is 53951487593 composite?
True
Is 2171106437 a prime number?
True
Is 66742850873 composite?
False
Is 41016135197 a composite number?
False
Is 184949003 a composite number?
True
Is 429431477 composite?
False
Is 1664292055 composite?
True
Is 8195795617 a prime number?
True
Is 19143913 composite?
False
Is 44788897883 prime?
True
Is 582583201 a composite number?
False
Is 92695527835 a composite number?
True
Is 10435895257 a composite number?
True
Is 20538780259 prime?
False
Is 1689279071 a prime number?
False
Is 628830101 a composite number?
False
Is 15553597967 a composite number?
True
Is 24849552397 a prime number?
True
Is 34093576471 a composite number?
True
Is 204261691709 composite?
True
Is 579325963 a prime number?
True
Is 3904755863 a composite number?
False
Is 67685007899 composite?
False
Is 21326613793 a composite number?
False
Is 1463163917 composite?
True
Is 1438958753 prime?
True
Is 88405927 a composite number?
False
Is 13095363941 composite?
True
Is 32061685321 a prime number?
True
Is 1786894379 composite?
False
Is 432352979 a prime number?
True
Is 96985219817 a prime number?
True
Is 96601469 a prime number?
True
Is 426150983 a composite number?
True
Is 7651829671 a composite number?
True
Is 4541289791 a composite number?
True
Is 590399113 a composite number?
False
Is 495240923 a prime number?
False
Is 72102116701 prime?
True
Is 7850778323 composite?
True
Is 659728939 a prime number?
False
Is 3035725519 a prime number?
True
Is 44971655627 a prime number?
True
Is 320982923 prime?
True
Is 2472559529 prime?
False
Is 63134342519 prime?
True
Is 311327041 prime?
True
Is 42723869521 composite?
False
Is 3166164997 composite?
True
Is 20645263 composite?
True
Is 600414077 a prime number?
False
Is 257642851 a composite number?
False
Is 401519949931 prime?
True
Is 52509074059 a prime number?
False
Is 102721758119 prime?
True
Is 3826771385 a composite number?
True
Is 84315480691 a prime number?
False
Is 12472833631 a composite number?
True
Is 59925317719 composite?
True
Is 1475376079 a prime number?
False
Is 53392277837 a prime number?
False
Is 2851250261 composite?
False
Is 329895551 a prime number?
True
Is 678539009 a prime number?
True
Is 14713071953 composite?
False
Is 25959865637 composite?
False
Is 68648219 composite?
False
Is 6360695563 prime?
False
Is 630765851 a composite number?
False
Is 672882577 composite?
True
Is 23030809 a prime number?
True
Is 1316486399 a composite number?
False
Is 333051851 prime?
False
Is 41785785037 prime?
True
Is 3625160059 prime?
True
Is 790104871 a prime number?
False
Is 738977761 a prime number?
True
Is 10620262987 a prime number?
True
Is 64735856657 prime?
True
Is 1435218833 a composite number?
True
Is 76743113 a prime number?
True
Is 1745280829 a prime number?
False
Is 747271313 composite?
False
Is 39657782993 prime?
True
Is 34822620685 a composite number?
True
Is 1754913029 a prime number?
False
Is 9091249589 prime?
True
Is 170496894773 composite?
True
Is 9974754373 prime?
True
Is 1135321259 prime?
True
Is 98649611507 a composite number?
False
Is 176853009 composite?
True
Is 1789702129 composite?
False
Is 8233279 a prime number?
True
Is 3878610173 prime?
False
Is 20659195 a prime number?
False
Is 15643790003 a composite number?
False
Is 3247024541 composite?
False
Is 837419537 a composite number?
True
Is 19825691287 prime?
False
Is 603070943 composite?
True
Is 8225096329 a composite number?
True
Is 1235952703 prime?
False
Is 80577953 composite?
False
Is 7469957011 a prime number?
False
Is 805353379 a prime number?
False
Is 172851467 composite?
True
Is 247254659 a prime number?
True
Is 4432524199 prime?
True
Is 2538758641 a prime number?
True
Is 622794311 prime?
False
Is 10647377381 a composite number?
False
Is 81782977 prime?
True
Is 1342256231 a prime number?
True
Is 39522499 prime?
False
Is 1729071931 a prime number?
False
Is 2137254137 a composite number?
False
Is 23830735487 composite?
True
Is 5570324369 prime?
True
Is 10495335929 a prime number?
False
Is 5931638819 composite?
False
Is 675270627 a composite number?
True
Is 6249533413 a prime number?
True
Is 138138496867 composite?
True
